{"id":87,"date":"2024-01-12T15:52:31","date_gmt":"2024-01-12T14:52:31","guid":{"rendered":"https:\/\/guidepeche07.fr\/?page_id=87"},"modified":"2024-01-19T12:07:39","modified_gmt":"2024-01-19T11:07:39","slug":"politique-de-confidentialite-rgpd-cookies","status":"publish","type":"page","link":"https:\/\/guidepeche07.fr\/index.php\/politique-de-confidentialite-rgpd-cookies\/","title":{"rendered":"Politique de confidentialit\u00e9\/RGPD"},"content":{"rendered":"\t\t<div data-elementor-type=\"wp-page\" data-elementor-id=\"87\" class=\"elementor elementor-87\">\n\t\t\t\t<div class=\"elementor-element elementor-element-0fd0764 e-flex e-con-boxed e-con e-parent\" data-id=\"0fd0764\" data-element_type=\"container\" data-e-type=\"container\">\n\t\t\t\t\t<div class=\"e-con-inner\">\n\t\t\t\t<div class=\"elementor-element elementor-element-91da31a elementor-widget elementor-widget-text-editor\" data-id=\"91da31a\" data-element_type=\"widget\" data-e-type=\"widget\" data-widget_type=\"text-editor.default\">\n\t\t\t\t<div class=\"elementor-widget-container\">\n\t\t\t\t\t\t\t\t\t<h5><strong>Politique<\/strong><strong> de confidentialit\u00e9 et R\u00e8glement G\u00e9n\u00e9ral sur la Protection des Donn\u00e9es<\/strong><\/h5>\t\t\t\t\t\t\t\t<\/div>\n\t\t\t\t<\/div>\n\t\t\t\t\t<\/div>\n\t\t\t\t<\/div>\n\t\t<div class=\"elementor-element elementor-element-e13a474 e-flex e-con-boxed e-con e-parent\" data-id=\"e13a474\" data-element_type=\"container\" data-e-type=\"container\">\n\t\t\t\t\t<div class=\"e-con-inner\">\n\t\t\t\t<div class=\"elementor-element elementor-element-d20a59c elementor-widget elementor-widget-text-editor\" data-id=\"d20a59c\" data-element_type=\"widget\" data-e-type=\"widget\" data-widget_type=\"text-editor.default\">\n\t\t\t\t<div class=\"elementor-widget-container\">\n\t\t\t\t\t\t\t\t\t<p>L&rsquo;entreprise s&rsquo;engage \u00e0 \u00eatre en conformit\u00e9 avec le R\u00e8glement G\u00e9n\u00e9ral sur la Protection des Donn\u00e9es (RGPD) entr\u00e9e en vigueur le 24 mai 2018 et \u00e0 ne communiquer aucunes donn\u00e9es personnelles renseign\u00e9es sur le site \u00e0 un tiers.\u00a0<br \/>Les renseignements personnels qui sont collect\u00e9s gr\u00e2ce au formulaire de contact pr\u00e9sent sur le site https:\/\/www.guidepeche07.fr ont pour but de pouvoir recontacter les personnes qui ont laiss\u00e9 ces informations de contact dans le cadre d\u2019une relation commerciale.<br \/>En soumettant le formulaire et en cochant la case \u00e0 cocher de consentement, l\u2019internaute donne express\u00e9ment son accord pour que les donn\u00e9es \u00e0 caract\u00e8re personnel soient trait\u00e9es uniquement par l\u2019entreprise pour la finalit\u00e9 expliqu\u00e9e ci-dessus.<br \/>Si vous souhaitez ne plus \u00eatre recontact\u00e9 suite \u00e0 la r\u00e9ponse apport\u00e9e \u00e0 votre demande envoy\u00e9e via le formulaire de contact, \u00e9crivez-nous \u00e0 cette adresse mail\u2026<strong> <o:p><\/o:p><\/strong><\/p><p><strong>Dur\u00e9e de stockage de vos donn\u00e9es :<br \/><\/strong>Les donn\u00e9es personnelles renseign\u00e9es sur le formulaire de renseignement ont l&rsquo;unique but de renseigner le moniteur guide de p\u00eache sur le niveau de p\u00eache, les difficult\u00e9s quelconques (motrices, maladies, &#8230;) rencontr\u00e9es par l&rsquo;apprenant afin d&rsquo;adapter au mieux une prestation (s\u00e9curit\u00e9, type de parcours, &#8230;). Ces donn\u00e9es sont stock\u00e9es afin de faciliter les \u00e9ventuelles prochaines inscriptions.<\/p><p>En aucun cas, ces donn\u00e9es ne seront revendues ou c\u00e9d\u00e9es \u00e0 aucun partenaires.<\/p><p><strong>Contenu embarqu\u00e9 depuis d&rsquo;autres sites :<\/strong><br \/>Les articles de ce site peuvent inclure des contenus int\u00e9gr\u00e9s (par exemple des vid\u00e9os, images, articles, &#8230;). Le contenu int\u00e9gr\u00e9 depuis d&rsquo;autres sites se comporte de la m\u00eame mani\u00e8re que si le visiteur se rendait sur cet autre site.\u00a0<br \/>Ces sites web pourraient collecter des donn\u00e9es sur vous, utiliser des cookies, embarquer des outils de suivi tiers, suivre vos interactions avec ces contenus embarqu\u00e9s si vous disposez d&rsquo;un compte connect\u00e9 sur leur site web.\u00a0<\/p><p><strong>Droit \u00e0 l&rsquo;image :<br \/><\/strong>Chaque stagiaire accorde les droits \u00e0 l&rsquo;image des photos et vid\u00e9os r\u00e9alis\u00e9s lors d&rsquo;un guidage, stage ou s\u00e9jour. En \u00e9change, je m&rsquo;engage \u00e0 lui transmettre toutes photos et vid\u00e9os r\u00e9alis\u00e9es en sa pr\u00e9sence.<br \/>Si un stagiaire s&rsquo;oppose \u00e0 la diffusion et \u00e0 l&rsquo;utilisation des supports m\u00e9dias le concernant, il devra le stipuler sur la fiche de renseignements envoy\u00e9e par mail lors de la prise de contact de validation de la date.<br \/>Les m\u00e9dias pourront \u00eatre utilis\u00e9s, reproduits, communiqu\u00e9s et modifi\u00e9s \u00e0 toutes fins utiles et pourront \u00eatre uniquement exploit\u00e9s pour un usage de communication et de marketing li\u00e9s \u00e0 mon activit\u00e9 professionnelle (supports d\u2019illustrations, r\u00e9seaux sociaux, supports de communications).<br \/>Dans le cas de figure d&rsquo;utilisation aupr\u00e8s d&rsquo;un tiers (revue halieutique, blog, web\u2026), un contrat d&rsquo;utilisation sera r\u00e9dig\u00e9 et paraph\u00e9 par les 2 parties. Pour les personnes mineures, l&rsquo;autorisation d&rsquo;exploitation sera accord\u00e9e apr\u00e8s consentement du repr\u00e9sentant l\u00e9gal.<br \/>Par ailleurs, je m&rsquo;engage \u00e0 ce que l&rsquo;utilisation des supports m\u00e9dias ne porte aucune atteinte \u00e0 la vie priv\u00e9e de l\u2019apprenant.<br \/>Responsabilit\u00e9 de traitement des donn\u00e9es personnelles\u00a0:<br \/>Le responsable du traitement est la personne physique, Quentin TEYSSEIRE, qui a d\u00e9termin\u00e9 les finalit\u00e9s et les moyens du traitement.<br \/>Le responsable du traitement des donn\u00e9es personnelles transmises dans le cadre notamment de la navigation sur le site, du formulaire de contact ou encore de la fiche de renseignement est :<\/p><p><strong>Quentin TEYSSEIRE <\/strong><br \/><strong>135 Chemin de l\u2019Arbre<\/strong><br \/><strong>07000 ST JULIEN EN ST ALBAN<\/strong><\/p>\t\t\t\t\t\t\t\t<\/div>\n\t\t\t\t<\/div>\n\t\t\t\t\t<\/div>\n\t\t\t\t<\/div>\n\t\t\t\t<\/div>\n\t\t","protected":false},"excerpt":{"rendered":"<p>Politique de confidentialit\u00e9 et R\u00e8glement G\u00e9n\u00e9ral sur la Protection des Donn\u00e9es L&rsquo;entreprise s&rsquo;engage \u00e0 \u00eatre en conformit\u00e9 avec le R\u00e8glement G\u00e9n\u00e9ral sur la Protection des Donn\u00e9es (RGPD) entr\u00e9e en vigueur le 24 mai 2018 et \u00e0 ne communiquer aucunes donn\u00e9es personnelles renseign\u00e9es sur le site \u00e0 un tiers.\u00a0Les renseignements personnels [&hellip;]<\/p>\n","protected":false},"author":1,"featured_media":0,"parent":0,"menu_order":0,"comment_status":"closed","ping_status":"closed","template":"page-templates\/template-pagebuilder-full-width.php","meta":{"om_disable_all_campaigns":false,"_monsterinsights_skip_tracking":false,"_monsterinsights_sitenote_active":false,"_monsterinsights_sitenote_note":"","_monsterinsights_sitenote_category":0,"footnotes":""},"class_list":["post-87","page","type-page","status-publish","hentry"],"aioseo_notices":[],"_links":{"self":[{"href":"https:\/\/guidepeche07.fr\/index.php\/wp-json\/wp\/v2\/pages\/87","targetHints":{"allow":["GET"]}}],"collection":[{"href":"https:\/\/guidepeche07.fr\/index.php\/wp-json\/wp\/v2\/pages"}],"about":[{"href":"https:\/\/guidepeche07.fr\/index.php\/wp-json\/wp\/v2\/types\/page"}],"author":[{"embeddable":true,"href":"https:\/\/guidepeche07.fr\/index.php\/wp-json\/wp\/v2\/users\/1"}],"replies":[{"embeddable":true,"href":"https:\/\/guidepeche07.fr\/index.php\/wp-json\/wp\/v2\/comments?post=87"}],"version-history":[{"count":41,"href":"https:\/\/guidepeche07.fr\/index.php\/wp-json\/wp\/v2\/pages\/87\/revisions"}],"predecessor-version":[{"id":1553,"href":"https:\/\/guidepeche07.fr\/index.php\/wp-json\/wp\/v2\/pages\/87\/revisions\/1553"}],"wp:attachment":[{"href":"https:\/\/guidepeche07.fr\/index.php\/wp-json\/wp\/v2\/media?parent=87"}],"curies":[{"name":"wp","href":"https:\/\/api.w.org\/{rel}","templated":true}]}}